ten thousands digit of 4064785?
6
What is the thousands digit of 45298?
5
What is the tens digit of 100955?
5
What is the units digit of 696240?
0
What is the hundred thousands digit of 6760469?
7
What is the ten thousands digit of 5067960?
6
What is the units digit of 7281797?
7
What is the thousands digit of 88079?
8
What is the hundreds digit of 4396434?
4
What is the units digit of 54343?
3
What is the hundred thousands digit of 119174?
1
What is the units digit of 2938185?
5
What is the tens digit of 3871283?
8
What is the hundred thousands digit of 253796?
2
What is the tens digit of 2107469?
6
What is the millions digit of 4684261?
4
What is the millions digit of 25071634?
5
What is the ten thousands digit of 5060942?
6
What is the units digit of 172544?
4
What is the millions digit of 1294765?
1
What is the hundred thousands digit of 3861761?
8
What is the tens digit of 667344?
4
What is the thousands digit of 2233734?
3
What is the hundreds digit of 60125?
1
What is the tens digit of 26214307?
0
What is the units digit of 8459634?
4
What is the tens digit of 828716?
1
What is the hundred thousands digit of 9851832?
8
What is the hundreds digit of 118535?
5
What is the ten millions digit of 15187471?
1
What is the ten millions digit of 26021982?
2
What is the tens digit of 27711441?
4
What is the ten thousands digit of 616154?
1
What is the thousands digit of 166080?
6
What is the units digit of 1254571?
1
What is the thousands digit of 430441?
0
What is the hundred thousands digit of 737258?
7
What is the units digit of 1342607?
7
What is the thousands digit of 58795?
8
What is the ten thousands digit of 40594568?
9
What is the hundred thousands digit of 6811258?
8
What is the millions digit of 11798075?
1
What is the thousands digit of 301024?
1
What is the hundred thousands digit of 911246?
9
What is the units digit of 282647?
7
What is the units digit of 7348812?
2
What is the hundred thousands digit of 2338953?
3
What is the ten thousands digit of 72477?
7
What is the hundred thousands digit of 5696832?
6
What is the millions digit of 2772405?
2
What is the hundreds digit of 8363920?
9
What is the thousands digit of 1805380?
5
What is the tens digit of 13291138?
3
What is the ten thousands digit of 698770?
9
What is the hundreds digit of 229740?
7
What is the hundreds digit of 24908107?
1
What is the ten thousands digit of 11174412?
7
What is the hundreds digit of 946681?
6
What is the ten thousands digit of 1872098?
7
What is the hundreds digit of 252262?
2
What is the ten thousands digit of 550739?
5
What is the ten thousands digit of 21826?
2
What is the hundreds digit of 887377?
3
What is the hundred thousands digit of 538403?
5
What is the hundreds digit of 1999434?
4
What is the ten thousands digit of 26410222?
1
What is the tens digit of 11521399?
9
What is the hundreds digit of 77582?
5
What is the thousands digit of 12440198?
0
What is the thousands digit of 5403680?
3
What is the ten thousands digit of 271199?
7
What is the units digit of 9895392?
2
What is the hundred thousands digit of 5646450?
6
What is the hundreds digit of 131772?
7
What is the tens digit of 353341?
4
What is the hundred thousands digit of 3427439?
4
What is the thousands digit of 1062298?
2
What is the hundred thousands digit of 2307667?
3
What is the ten thousands digit of 656891?
5
What is the tens digit of 7977904?
0
What is the thousands digit of 43028?
3
What is the millions digit of 3470137?
3
What is the units digit of 216376?
6
What is the units digit of 523354?
4
What is the hundred thousands digit of 480203?
4
What is the units digit of 108998?
8
What is the hundred thousands digit of 804783?
8
What is the hundred thousands digit of 4219228?
2
What is the hundreds digit of 658328?
3
What is the ten thousands digit of 448739?
4
What is the units digit of 115109?
9
What is the hundred thousands digit of 17960259?
9
What is the units digit of 3428007?
7
What is the millions digit of 1698437?
1
What is the tens digit of 3806048?
4
What is the units digit of 92141?
1
What is the ten thousands digit of 504302?
0
What is the millions digit of 3077274?
3
What is the tens digit of 442106?
0
What is the hundred thousands digit of 1579083?
5
What is the hundreds digit of 2766561?
5
What is the tens digit of 8680639?
3
What is the ten thousands digit of 799940?
9
What is the hundreds digit of 3174640?
6
What is the ten thousands digit of 950228?
5
What is the hundred thousands digit of 1494927?
4
What is the units digit of 1375362?
2
What is the hundred thousands digit of 272345?
2
What is the tens digit of 119746?
4
What is the tens digit of 7757159?
5
What is the ten millions digit of 17413723?
1
What is the thousands digit of 1053940?
3
What is the units digit of 1305655?
5
What is the ten thousands digit of 5845979?
4
What is the tens digit of 335830?
3
What is the ten thousands digit of 15895635?
9
What is the millions digit of 15749203?
5
What is the tens digit of 8018185?
8
What is the thousands digit of 2674928?
4
What is the tens digit of 4985638?
3
What is the tens digit of 22045951?
5
What is the thousands digit of 445841?
5
What is the hundreds digit of 5529311?
3
What is the ten thousands digit of 7195435?
9
What is the units digit of 27345?
5
What is the hundred thousands digit of 192565?
1
What is the ten thousands digit of 843795?
4
What is the hundred thousands digit of 422421?
4
What is the hundreds digit of 19448968?
9
What is the hundred thousands digit of 206860?
2
What is the tens digit of 9089866?
6
What is the units digit of 2951413?
3
What is the thousands digit of 490269?
0
What is the ten thousands digit of 132989?
3
What is the units digit of 1344199?
9
What is the tens digit of 37187792?
9
What is the thousands digit of 46152?
6
What is the ten millions digit of 13682867?
1
What is the hundred thousands digit of 330609?
3
What is the millions digit of 15292248?
5
What is the millions digit of 20722642?
0
What is the hundred thousands digit of 599141?
5
What is the ten thousands digit of 13401289?
0
What is the thousands digit of 23488551?
8
What is the tens digit of 543493?
9
What is the ten thousands digit of 3994956?
9
What is the tens digit of 11887?
8
What is the thousands digit of 2212672?
2
What is the tens digit of 894198?
9
What is the ten millions digit of 11939924?
1
What is the tens digit of 30485162?
6
What is the hundred thousands digit of 1381299?
3
What is the ten thousands digit of 576125?
7
What is the millions digit of 1709698?
1
What is the units digit of 206320?
0
What is the tens digit of 6449078?
7
What is the hundred thousands digit of 8174018?
1
What is the millions digit of 9370159?
9
What is the hundred thousands digit of 188619?
1
What is the thousands digit of 4797089?
7
What is the ten thousands digit of 394483?
9
What is the hundreds digit of 38336?
3
What is the tens digit of 9712885?
8
What is the hundreds digit of 3812704?
7
What is the thousands digit of 344398?
4
What is the ten thousands digit of 19016136?
1
What is the hundreds digit of 5136489?
4
What is the thousands digit of 1138165?
8
What is the hundreds digit of 1062236?
2
What is the thousands digit of 168260?
8
What is the tens digit of 23547997?
9
What is the tens digit of 841547?
4
What is the thousands digit of 425388?
5
What is the ten thousands digit of 9748437?
4
What is the tens digit of 6124629?
2
What is the hundreds digit of 241407?
4
What is the ten thousands digit of 2283091?
8
What is the thousands digit of 4883006?
3
What is the millions digit of 12108294?
2
What is the ten thousands digit of 6843943?
4
What is the hundreds digit of 7613452?
4
What is the tens digit of 25400987?
8
What is the ten thousands digit of 2951183?
5
What is the hundreds digit of 12655950?
9
What is the hundreds digit of 9967280?
2
What is the tens digit of 677956?
5
What is the tens digit of 1999546?
4
What is the hundred thousands digit of 482775?
4
What is the ten millions digit of 16562759?
1
What is the thousands digit of 823613?
3
What is the tens digit of 450965?
6
What is the hundreds digit of 74894?
8
What is the ten thousands digit of 928745?
2
What is the hundreds digit of 1238205?
2
What is the ten thousands digit of 7283